{"id":738,"date":"2017-12-13T08:14:36","date_gmt":"2017-12-13T08:14:36","guid":{"rendered":"http:\/\/test.ag-freizeit.de\/?page_id=738"},"modified":"2022-03-22T12:49:15","modified_gmt":"2022-03-22T11:49:15","slug":"spenden","status":"publish","type":"page","link":"https:\/\/www.ag-freizeit.de\/?page_id=738","title":{"rendered":"Spenden"},"content":{"rendered":"<h2>Das Geld&#8230;<\/h2>\n<p>&#8230; im wesentlichen wird unsere Arbeit durch \u00f6ffentliche Zuwendungen (Stadt Marburg, Landkreis Marburg-Biedenkopf, Land Hessen\/LWV Hessen) finanziert. Dar\u00fcberhinaus sind wir aber auf Spenden angewiesen.Solche Spenden sind steuerabzugsf\u00e4hig, auf Wunsch stellen wir eine entsprechende Spendenbescheinigung aus. Alle, die unsere Arbeit finanziell unterst\u00fctzen m\u00f6chten, bitten wir daher, ihre Spende auf folgendes Konto zu \u00fcberweisen:<\/p>\n<p>Kontoinhaberin: AG Freizeit e. V.<br \/>\nIBAN: DE13 5335 0000 1012 0138 30<br \/>\nBIC: HELADEF1MAR<br \/>\nGeldinstitut: Sparkasse Marburg-Biedenkopf<br \/>\n<b><i><br \/>\nDanke!<\/i><\/b><\/p>\n<div class=\"picture\"><\/div>\n<div><\/div>\n<div><\/div>\n<div><\/div>\n","protected":false},"excerpt":{"rendered":"<p>Das Geld&#8230; &#8230; im wesentlichen wird unsere Arbeit durch \u00f6ffentliche Zuwendungen (Stadt Marburg, Landkreis Marburg-Biedenkopf, Land Hessen\/LWV Hessen) finanziert. Dar\u00fcberhinaus sind wir aber auf Spenden angewiesen.Solche Spenden sind steuerabzugsf\u00e4hig, auf Wunsch stellen wir eine entsprechende Spendenbescheinigung aus. Alle, die unsere Arbeit finanziell unterst\u00fctzen m\u00f6chten, bitten wir daher, ihre Spende auf folgendes Konto zu \u00fcberweisen: Kontoinhaberin: &#8230; <a title=\"Spenden\" class=\"read-more\" href=\"https:\/\/www.ag-freizeit.de\/?page_id=738\">Weiterlesen &#8230;<\/a><\/p>\n","protected":false},"author":1,"featured_media":0,"parent":0,"menu_order":0,"comment_status":"closed","ping_status":"closed","template":"","meta":{"_bbp_topic_count":0,"_bbp_reply_count":0,"_bbp_total_topic_count":0,"_bbp_total_reply_count":0,"_bbp_voice_count":0,"_bbp_anonymous_reply_count":0,"_bbp_topic_count_hidden":0,"_bbp_reply_count_hidden":0,"_bbp_forum_subforum_count":0,"_cbd_carousel_blocks":"[]","generate_page_header":"","footnotes":""},"class_list":["post-738","page","type-page","status-publish"],"publishpress_future_action":{"enabled":false,"date":"2026-04-22 23:20:42","action":"change-status","newStatus":"draft","terms":[],"taxonomy":"","extraData":[]},"publishpress_future_workflow_manual_trigger":{"enabledWorkflows":[]},"_links":{"self":[{"href":"https:\/\/www.ag-freizeit.de\/index.php?rest_route=\/wp\/v2\/pages\/738","targetHints":{"allow":["GET"]}}],"collection":[{"href":"https:\/\/www.ag-freizeit.de\/index.php?rest_route=\/wp\/v2\/pages"}],"about":[{"href":"https:\/\/www.ag-freizeit.de\/index.php?rest_route=\/wp\/v2\/types\/page"}],"author":[{"embeddable":true,"href":"https:\/\/www.ag-freizeit.de\/index.php?rest_route=\/wp\/v2\/users\/1"}],"replies":[{"embeddable":true,"href":"https:\/\/www.ag-freizeit.de\/index.php?rest_route=%2Fwp%2Fv2%2Fcomments&post=738"}],"version-history":[{"count":6,"href":"https:\/\/www.ag-freizeit.de\/index.php?rest_route=\/wp\/v2\/pages\/738\/revisions"}],"predecessor-version":[{"id":89596,"href":"https:\/\/www.ag-freizeit.de\/index.php?rest_route=\/wp\/v2\/pages\/738\/revisions\/89596"}],"wp:attachment":[{"href":"https:\/\/www.ag-freizeit.de\/index.php?rest_route=%2Fwp%2Fv2%2Fmedia&parent=738"}],"curies":[{"name":"wp","href":"https:\/\/api.w.org\/{rel}","templated":true}]}}